{"id":760,"date":"2025-04-06T18:12:07","date_gmt":"2025-04-06T18:12:07","guid":{"rendered":"https:\/\/chrismassage.ch\/?page_id=760"},"modified":"2025-04-06T18:12:08","modified_gmt":"2025-04-06T18:12:08","slug":"massage-lomi-lomi","status":"publish","type":"page","link":"https:\/\/chrismassage.ch\/index.php\/massage-lomi-lomi\/","title":{"rendered":"Massage Lomi-Lomi"},"content":{"rendered":"\n<p><\/p>\n\n\n\n<p>Le massage lomi-lomi est un massage traditionnel hawa\u00efen qui vise \u00e0 d\u00e9tendre le corps et l&rsquo;esprit. <br>Il est r\u00e9put\u00e9 pour ses mouvements fluides et enveloppants.<br><br>A l&rsquo;aide d&rsquo;un toucher doux, enveloppant et rassurant, le<strong> <\/strong>massage lomi-lomi console le corps qui est mass\u00e9 avec les mains, les avant-bras de mani\u00e8re harmonieuse et profonde pour canaliser l&rsquo;\u00e9nergie et d\u00e9lier les tensions.<\/p>\n\n\n\n<p>Il est recommand\u00e9 pour soulager les douleurs lombaires et articulaires, les rhumatismes, l&rsquo;arthrite ou les inflammations musculaires. <\/p>\n\n\n\n<p>1h &#8211; 85 frs<\/p>\n\n\n\n<figure class=\"wp-block-image size-full is-resized is-style-rounded\"><img loading=\"lazy\" decoding=\"async\" width=\"800\" height=\"533\" src=\"https:\/\/chrismassage.ch\/wp-content\/uploads\/2025\/04\/canstockphoto16645271.jpg\" alt=\"\" class=\"wp-image-763\" style=\"width:478px;height:auto\" srcset=\"https:\/\/chrismassage.ch\/wp-content\/uploads\/2025\/04\/canstockphoto16645271.jpg 800w, https:\/\/chrismassage.ch\/wp-content\/uploads\/2025\/04\/canstockphoto16645271-300x200.jpg 300w, https:\/\/chrismassage.ch\/wp-content\/uploads\/2025\/04\/canstockphoto16645271-768x512.jpg 768w, https:\/\/chrismassage.ch\/wp-content\/uploads\/2025\/04\/canstockphoto16645271-750x500.jpg 750w\" sizes=\"auto, (max-width: 800px) 100vw, 800px\" \/><\/figure>\n","protected":false},"excerpt":{"rendered":"<p>Le massage lomi-lomi est un massage traditionnel hawa\u00efen qui vise \u00e0 d\u00e9tendre le corps et l&rsquo;esprit. Il est r\u00e9put\u00e9 pour ses mouvements fluides et enveloppants. A l&rsquo;aide d&rsquo;un toucher doux, enveloppant et rassurant, le massage lomi-lomi console le corps qui est mass\u00e9 avec les mains, les avant-bras de mani\u00e8re harmonieuse et profonde pour canaliser l&rsquo;\u00e9nergie &hellip; <\/p>\n<p><a class=\"more-link btn\" href=\"https:\/\/chrismassage.ch\/index.php\/massage-lomi-lomi\/\">Lire la suite<\/a><\/p>\n","protected":false},"author":1,"featured_media":0,"parent":0,"menu_order":0,"comment_status":"closed","ping_status":"closed","template":"","meta":{"footnotes":""},"class_list":["post-760","page","type-page","status-publish","hentry","nodate","item-wrap"],"yoast_head":"<!-- This site is optimized with the Yoast SEO plugin v27.4 - https:\/\/yoast.com\/product\/yoast-seo-wordpress\/ -->\n<title>Massage Lomi-Lomi - Chris Massage<\/title>\n<meta name=\"robots\" content=\"index, follow, max-snippet:-1, max-image-preview:large, max-video-preview:-1\" \/>\n<link rel=\"canonical\" href=\"https:\/\/chrismassage.ch\/index.php\/massage-lomi-lomi\/\" \/>\n<meta property=\"og:locale\" content=\"fr_FR\" \/>\n<meta property=\"og:type\" content=\"article\" \/>\n<meta property=\"og:title\" content=\"Massage Lomi-Lomi - Chris Massage\" \/>\n<meta property=\"og:description\" content=\"Le massage lomi-lomi est un massage traditionnel hawa\u00efen qui vise \u00e0 d\u00e9tendre le corps et l&rsquo;esprit. Il est r\u00e9put\u00e9 pour ses mouvements fluides et enveloppants. A l&rsquo;aide d&rsquo;un toucher doux, enveloppant et rassurant, le massage lomi-lomi console le corps qui est mass\u00e9 avec les mains, les avant-bras de mani\u00e8re harmonieuse et profonde pour canaliser l&rsquo;\u00e9nergie &hellip; Lire la suite\" \/>\n<meta property=\"og:url\" content=\"https:\/\/chrismassage.ch\/index.php\/massage-lomi-lomi\/\" \/>\n<meta property=\"og:site_name\" content=\"Chris Massage\" \/>\n<meta property=\"article:modified_time\" content=\"2025-04-06T18:12:08+00:00\" \/>\n<meta property=\"og:image\" content=\"https:\/\/chrismassage.ch\/wp-content\/uploads\/2025\/04\/canstockphoto16645271.jpg\" \/>\n<meta name=\"twitter:card\" content=\"summary_large_image\" \/>\n<meta name=\"twitter:label1\" content=\"Dur\u00e9e de lecture estim\u00e9e\" \/>\n\t<meta name=\"twitter:data1\" content=\"1 minute\" \/>\n<script type=\"application\/ld+json\" class=\"yoast-schema-graph\">{\"@context\":\"https:\\\/\\\/schema.org\",\"@graph\":[{\"@type\":\"WebPage\",\"@id\":\"https:\\\/\\\/chrismassage.ch\\\/index.php\\\/massage-lomi-lomi\\\/\",\"url\":\"https:\\\/\\\/chrismassage.ch\\\/index.php\\\/massage-lomi-lomi\\\/\",\"name\":\"Massage Lomi-Lomi - Chris Massage\",\"isPartOf\":{\"@id\":\"https:\\\/\\\/chrismassage.ch\\\/#website\"},\"primaryImageOfPage\":{\"@id\":\"https:\\\/\\\/chrismassage.ch\\\/index.php\\\/massage-lomi-lomi\\\/#primaryimage\"},\"image\":{\"@id\":\"https:\\\/\\\/chrismassage.ch\\\/index.php\\\/massage-lomi-lomi\\\/#primaryimage\"},\"thumbnailUrl\":\"https:\\\/\\\/chrismassage.ch\\\/wp-content\\\/uploads\\\/2025\\\/04\\\/canstockphoto16645271.jpg\",\"datePublished\":\"2025-04-06T18:12:07+00:00\",\"dateModified\":\"2025-04-06T18:12:08+00:00\",\"breadcrumb\":{\"@id\":\"https:\\\/\\\/chrismassage.ch\\\/index.php\\\/massage-lomi-lomi\\\/#breadcrumb\"},\"inLanguage\":\"fr-FR\",\"potentialAction\":[{\"@type\":\"ReadAction\",\"target\":[\"https:\\\/\\\/chrismassage.ch\\\/index.php\\\/massage-lomi-lomi\\\/\"]}]},{\"@type\":\"ImageObject\",\"inLanguage\":\"fr-FR\",\"@id\":\"https:\\\/\\\/chrismassage.ch\\\/index.php\\\/massage-lomi-lomi\\\/#primaryimage\",\"url\":\"https:\\\/\\\/chrismassage.ch\\\/wp-content\\\/uploads\\\/2025\\\/04\\\/canstockphoto16645271.jpg\",\"contentUrl\":\"https:\\\/\\\/chrismassage.ch\\\/wp-content\\\/uploads\\\/2025\\\/04\\\/canstockphoto16645271.jpg\",\"width\":800,\"height\":533},{\"@type\":\"BreadcrumbList\",\"@id\":\"https:\\\/\\\/chrismassage.ch\\\/index.php\\\/massage-lomi-lomi\\\/#breadcrumb\",\"itemListElement\":[{\"@type\":\"ListItem\",\"position\":1,\"name\":\"Home\",\"item\":\"https:\\\/\\\/chrismassage.ch\\\/\"},{\"@type\":\"ListItem\",\"position\":2,\"name\":\"Massage Lomi-Lomi\"}]},{\"@type\":\"WebSite\",\"@id\":\"https:\\\/\\\/chrismassage.ch\\\/#website\",\"url\":\"https:\\\/\\\/chrismassage.ch\\\/\",\"name\":\"Chris Massage\",\"description\":\"Il est temps de prendre soin de vous\",\"publisher\":{\"@id\":\"https:\\\/\\\/chrismassage.ch\\\/#\\\/schema\\\/person\\\/c02ee1a7c3f4876ad33eb11b401f6941\"},\"potentialAction\":[{\"@type\":\"SearchAction\",\"target\":{\"@type\":\"EntryPoint\",\"urlTemplate\":\"https:\\\/\\\/chrismassage.ch\\\/?s={search_term_string}\"},\"query-input\":{\"@type\":\"PropertyValueSpecification\",\"valueRequired\":true,\"valueName\":\"search_term_string\"}}],\"inLanguage\":\"fr-FR\"},{\"@type\":[\"Person\",\"Organization\"],\"@id\":\"https:\\\/\\\/chrismassage.ch\\\/#\\\/schema\\\/person\\\/c02ee1a7c3f4876ad33eb11b401f6941\",\"name\":\"admin\",\"image\":{\"@type\":\"ImageObject\",\"inLanguage\":\"fr-FR\",\"@id\":\"http:\\\/\\\/chrismassage.ch\\\/wp-content\\\/uploads\\\/2019\\\/01\\\/48902290_278212269511277_7092823204384735232_n-1.jpg\",\"url\":\"http:\\\/\\\/chrismassage.ch\\\/wp-content\\\/uploads\\\/2019\\\/01\\\/48902290_278212269511277_7092823204384735232_n-1.jpg\",\"contentUrl\":\"http:\\\/\\\/chrismassage.ch\\\/wp-content\\\/uploads\\\/2019\\\/01\\\/48902290_278212269511277_7092823204384735232_n-1.jpg\",\"width\":781,\"height\":960,\"caption\":\"admin\"},\"logo\":{\"@id\":\"http:\\\/\\\/chrismassage.ch\\\/wp-content\\\/uploads\\\/2019\\\/01\\\/48902290_278212269511277_7092823204384735232_n-1.jpg\"}}]}<\/script>\n<!-- \/ Yoast SEO plugin. -->","yoast_head_json":{"title":"Massage Lomi-Lomi - Chris Massage","robots":{"index":"index","follow":"follow","max-snippet":"max-snippet:-1","max-image-preview":"max-image-preview:large","max-video-preview":"max-video-preview:-1"},"canonical":"https:\/\/chrismassage.ch\/index.php\/massage-lomi-lomi\/","og_locale":"fr_FR","og_type":"article","og_title":"Massage Lomi-Lomi - Chris Massage","og_description":"Le massage lomi-lomi est un massage traditionnel hawa\u00efen qui vise \u00e0 d\u00e9tendre le corps et l&rsquo;esprit. Il est r\u00e9put\u00e9 pour ses mouvements fluides et enveloppants. A l&rsquo;aide d&rsquo;un toucher doux, enveloppant et rassurant, le massage lomi-lomi console le corps qui est mass\u00e9 avec les mains, les avant-bras de mani\u00e8re harmonieuse et profonde pour canaliser l&rsquo;\u00e9nergie &hellip; Lire la suite","og_url":"https:\/\/chrismassage.ch\/index.php\/massage-lomi-lomi\/","og_site_name":"Chris Massage","article_modified_time":"2025-04-06T18:12:08+00:00","og_image":[{"url":"https:\/\/chrismassage.ch\/wp-content\/uploads\/2025\/04\/canstockphoto16645271.jpg","type":"","width":"","height":""}],"twitter_card":"summary_large_image","twitter_misc":{"Dur\u00e9e de lecture estim\u00e9e":"1 minute"},"schema":{"@context":"https:\/\/schema.org","@graph":[{"@type":"WebPage","@id":"https:\/\/chrismassage.ch\/index.php\/massage-lomi-lomi\/","url":"https:\/\/chrismassage.ch\/index.php\/massage-lomi-lomi\/","name":"Massage Lomi-Lomi - Chris Massage","isPartOf":{"@id":"https:\/\/chrismassage.ch\/#website"},"primaryImageOfPage":{"@id":"https:\/\/chrismassage.ch\/index.php\/massage-lomi-lomi\/#primaryimage"},"image":{"@id":"https:\/\/chrismassage.ch\/index.php\/massage-lomi-lomi\/#primaryimage"},"thumbnailUrl":"https:\/\/chrismassage.ch\/wp-content\/uploads\/2025\/04\/canstockphoto16645271.jpg","datePublished":"2025-04-06T18:12:07+00:00","dateModified":"2025-04-06T18:12:08+00:00","breadcrumb":{"@id":"https:\/\/chrismassage.ch\/index.php\/massage-lomi-lomi\/#breadcrumb"},"inLanguage":"fr-FR","potentialAction":[{"@type":"ReadAction","target":["https:\/\/chrismassage.ch\/index.php\/massage-lomi-lomi\/"]}]},{"@type":"ImageObject","inLanguage":"fr-FR","@id":"https:\/\/chrismassage.ch\/index.php\/massage-lomi-lomi\/#primaryimage","url":"https:\/\/chrismassage.ch\/wp-content\/uploads\/2025\/04\/canstockphoto16645271.jpg","contentUrl":"https:\/\/chrismassage.ch\/wp-content\/uploads\/2025\/04\/canstockphoto16645271.jpg","width":800,"height":533},{"@type":"BreadcrumbList","@id":"https:\/\/chrismassage.ch\/index.php\/massage-lomi-lomi\/#breadcrumb","itemListElement":[{"@type":"ListItem","position":1,"name":"Home","item":"https:\/\/chrismassage.ch\/"},{"@type":"ListItem","position":2,"name":"Massage Lomi-Lomi"}]},{"@type":"WebSite","@id":"https:\/\/chrismassage.ch\/#website","url":"https:\/\/chrismassage.ch\/","name":"Chris Massage","description":"Il est temps de prendre soin de vous","publisher":{"@id":"https:\/\/chrismassage.ch\/#\/schema\/person\/c02ee1a7c3f4876ad33eb11b401f6941"},"potentialAction":[{"@type":"SearchAction","target":{"@type":"EntryPoint","urlTemplate":"https:\/\/chrismassage.ch\/?s={search_term_string}"},"query-input":{"@type":"PropertyValueSpecification","valueRequired":true,"valueName":"search_term_string"}}],"inLanguage":"fr-FR"},{"@type":["Person","Organization"],"@id":"https:\/\/chrismassage.ch\/#\/schema\/person\/c02ee1a7c3f4876ad33eb11b401f6941","name":"admin","image":{"@type":"ImageObject","inLanguage":"fr-FR","@id":"http:\/\/chrismassage.ch\/wp-content\/uploads\/2019\/01\/48902290_278212269511277_7092823204384735232_n-1.jpg","url":"http:\/\/chrismassage.ch\/wp-content\/uploads\/2019\/01\/48902290_278212269511277_7092823204384735232_n-1.jpg","contentUrl":"http:\/\/chrismassage.ch\/wp-content\/uploads\/2019\/01\/48902290_278212269511277_7092823204384735232_n-1.jpg","width":781,"height":960,"caption":"admin"},"logo":{"@id":"http:\/\/chrismassage.ch\/wp-content\/uploads\/2019\/01\/48902290_278212269511277_7092823204384735232_n-1.jpg"}}]}},"_links":{"self":[{"href":"https:\/\/chrismassage.ch\/index.php\/wp-json\/wp\/v2\/pages\/760","targetHints":{"allow":["GET"]}}],"collection":[{"href":"https:\/\/chrismassage.ch\/index.php\/wp-json\/wp\/v2\/pages"}],"about":[{"href":"https:\/\/chrismassage.ch\/index.php\/wp-json\/wp\/v2\/types\/page"}],"author":[{"embeddable":true,"href":"https:\/\/chrismassage.ch\/index.php\/wp-json\/wp\/v2\/users\/1"}],"replies":[{"embeddable":true,"href":"https:\/\/chrismassage.ch\/index.php\/wp-json\/wp\/v2\/comments?post=760"}],"version-history":[{"count":1,"href":"https:\/\/chrismassage.ch\/index.php\/wp-json\/wp\/v2\/pages\/760\/revisions"}],"predecessor-version":[{"id":764,"href":"https:\/\/chrismassage.ch\/index.php\/wp-json\/wp\/v2\/pages\/760\/revisions\/764"}],"wp:attachment":[{"href":"https:\/\/chrismassage.ch\/index.php\/wp-json\/wp\/v2\/media?parent=760"}],"curies":[{"name":"wp","href":"https:\/\/api.w.org\/{rel}","templated":true}]}}