{"id":658,"date":"2023-12-08T10:34:27","date_gmt":"2023-12-08T10:34:27","guid":{"rendered":"http:\/\/chrismassage.ch\/?page_id=658"},"modified":"2024-04-02T17:25:19","modified_gmt":"2024-04-02T17:25:19","slug":"coach-de-sante-et-bien-etre","status":"publish","type":"page","link":"https:\/\/chrismassage.ch\/index.php\/coach-de-sante-et-bien-etre\/","title":{"rendered":"Coach de sant\u00e9 et bien-\u00eatre"},"content":{"rendered":"\n<p>Je vous proposes des s\u00e9ances de Coaching bien-\u00eatre pour vous aider \u00e0 vous sentir mieux dans votre corps. <br><br>Au-del\u00e0 du bien-\u00eatre mental, je peux aussi vous conseiller en mati\u00e8re de nutrition, afin que vous puissiez avoir une alimentation vari\u00e9e.<\/p>\n\n\n\n<p>Qu\u2019est-ce que le Coaching bien-\u00eatre ?<br><br>\u00c0 ne pas confondre avec de la psychologie ou de la th\u00e9rapie, le coaching bien-\u00eatre est avant tout un accompagnement personnalis\u00e9 ayant pour objectif de vous accompagner dans la qu\u00eate d\u2019un bien-\u00eatre durable.<br>Je travaille s\u00fbr : <br><br>    La confiance en soi.<br>    La lib\u00e9ration du mental.<br>    La gestion du stress et des angoisses.<br>    La perte de poids et l\u2019\u00e9quilibre alimentaire.<br>    La lib\u00e9ration de certaines addictions.<br>    Construire des relations humaines positives.<br>    D\u00e9velopper l\u2019esprit et la spiritualit\u00e9.<br>    Valeurs personnelles et altruisme.<br>    Sommeil, comportements \u00e0 risque et autre strat\u00e9gie sant\u00e9.<br><br>Mon r\u00f4le consiste avant tout \u00e0 vous donner des outils pratiques et des missions \u00e0 accomplir, qui vous aideront \u00e0 surmonter ces difficult\u00e9s et atteindre vos objectifs en termes de mieux \u00eatre en mettant \u00e0 contribution aussi bien vos ressources naturelles physiques que mentales.<br>Mon approche est holistique:  je prends en compte l\u2019individu dans sa globalit\u00e9.<br><br>Missions du coach bien-\u00eatre:<br><br>D\u00e9finir vos objectifs et \u00e9laborer un programme sur-mesure pour les atteindre: entretien approfondi personnalis\u00e9.<br><br>Aider \u00e0 trouver en vous-m\u00eame les capacit\u00e9s pour atteindre les objectifs fix\u00e9s ensemble au d\u00e9but du processus.<br><br>Ensuite viendra la mise en place des outils sp\u00e9cifiques pour r\u00e9pondre \u00e0 vos objectifs de bien-\u00eatre.<br><br>Je vous accompagne  en mati\u00e8re de nutrition, de fitness et\/ou de sant\u00e9 mentale.<br><br>Je veille \u00e9galement \u00e0 la bonne utilisation de ces outils dans votre quotidien.<br><br>\u200bMalgr\u00e9 les moments difficiles, je serais toujours pr\u00e9sent pour vous \u00e9pauler.<br><br>Les s\u00e9ances peuvent se faire \u00e0 mon cabinet \u00e0 Gr\u00f4ne ou \u00e0 distance<br><\/p>\n","protected":false},"excerpt":{"rendered":"<p>Je vous proposes des s\u00e9ances de Coaching bien-\u00eatre pour vous aider \u00e0 vous sentir mieux dans votre corps. Au-del\u00e0 du bien-\u00eatre mental, je peux aussi vous conseiller en mati\u00e8re de nutrition, afin que vous puissiez avoir une alimentation vari\u00e9e. Qu\u2019est-ce que le Coaching bien-\u00eatre ? \u00c0 ne pas confondre avec de la psychologie ou de &hellip; <\/p>\n<p><a class=\"more-link btn\" href=\"https:\/\/chrismassage.ch\/index.php\/coach-de-sante-et-bien-etre\/\">Lire la suite<\/a><\/p>\n","protected":false},"author":1,"featured_media":0,"parent":0,"menu_order":0,"comment_status":"closed","ping_status":"closed","template":"","meta":{"footnotes":""},"class_list":["post-658","page","type-page","status-publish","hentry","nodate","item-wrap"],"yoast_head":"<!-- This site is optimized with the Yoast SEO plugin v27.3 - https:\/\/yoast.com\/product\/yoast-seo-wordpress\/ -->\n<title>Coach de sant\u00e9 et bien-\u00eatre - Chris Massage<\/title>\n<meta name=\"robots\" content=\"index, follow, max-snippet:-1, max-image-preview:large, max-video-preview:-1\" \/>\n<link rel=\"canonical\" href=\"https:\/\/chrismassage.ch\/index.php\/coach-de-sante-et-bien-etre\/\" \/>\n<meta property=\"og:locale\" content=\"fr_FR\" \/>\n<meta property=\"og:type\" content=\"article\" \/>\n<meta property=\"og:title\" content=\"Coach de sant\u00e9 et bien-\u00eatre - Chris Massage\" \/>\n<meta property=\"og:description\" content=\"Je vous proposes des s\u00e9ances de Coaching bien-\u00eatre pour vous aider \u00e0 vous sentir mieux dans votre corps. Au-del\u00e0 du bien-\u00eatre mental, je peux aussi vous conseiller en mati\u00e8re de nutrition, afin que vous puissiez avoir une alimentation vari\u00e9e. Qu\u2019est-ce que le Coaching bien-\u00eatre ? \u00c0 ne pas confondre avec de la psychologie ou de &hellip; Lire la suite\" \/>\n<meta property=\"og:url\" content=\"https:\/\/chrismassage.ch\/index.php\/coach-de-sante-et-bien-etre\/\" \/>\n<meta property=\"og:site_name\" content=\"Chris Massage\" \/>\n<meta property=\"article:modified_time\" content=\"2024-04-02T17:25:19+00:00\" \/>\n<meta name=\"twitter:card\" content=\"summary_large_image\" \/>\n<meta name=\"twitter:label1\" content=\"Dur\u00e9e de lecture estim\u00e9e\" \/>\n\t<meta name=\"twitter:data1\" content=\"2 minutes\" \/>\n<script type=\"application\/ld+json\" class=\"yoast-schema-graph\">{\"@context\":\"https:\\\/\\\/schema.org\",\"@graph\":[{\"@type\":\"WebPage\",\"@id\":\"https:\\\/\\\/chrismassage.ch\\\/index.php\\\/coach-de-sante-et-bien-etre\\\/\",\"url\":\"https:\\\/\\\/chrismassage.ch\\\/index.php\\\/coach-de-sante-et-bien-etre\\\/\",\"name\":\"Coach de sant\u00e9 et bien-\u00eatre - Chris Massage\",\"isPartOf\":{\"@id\":\"http:\\\/\\\/chrismassage.ch\\\/#website\"},\"datePublished\":\"2023-12-08T10:34:27+00:00\",\"dateModified\":\"2024-04-02T17:25:19+00:00\",\"breadcrumb\":{\"@id\":\"https:\\\/\\\/chrismassage.ch\\\/index.php\\\/coach-de-sante-et-bien-etre\\\/#breadcrumb\"},\"inLanguage\":\"fr-FR\",\"potentialAction\":[{\"@type\":\"ReadAction\",\"target\":[\"https:\\\/\\\/chrismassage.ch\\\/index.php\\\/coach-de-sante-et-bien-etre\\\/\"]}]},{\"@type\":\"BreadcrumbList\",\"@id\":\"https:\\\/\\\/chrismassage.ch\\\/index.php\\\/coach-de-sante-et-bien-etre\\\/#breadcrumb\",\"itemListElement\":[{\"@type\":\"ListItem\",\"position\":1,\"name\":\"Home\",\"item\":\"http:\\\/\\\/chrismassage.ch\\\/\"},{\"@type\":\"ListItem\",\"position\":2,\"name\":\"Coach de sant\u00e9 et bien-\u00eatre\"}]},{\"@type\":\"WebSite\",\"@id\":\"http:\\\/\\\/chrismassage.ch\\\/#website\",\"url\":\"http:\\\/\\\/chrismassage.ch\\\/\",\"name\":\"Chris Massage\",\"description\":\"Il est temps de prendre soin de vous\",\"publisher\":{\"@id\":\"http:\\\/\\\/chrismassage.ch\\\/#\\\/schema\\\/person\\\/c02ee1a7c3f4876ad33eb11b401f6941\"},\"potentialAction\":[{\"@type\":\"SearchAction\",\"target\":{\"@type\":\"EntryPoint\",\"urlTemplate\":\"http:\\\/\\\/chrismassage.ch\\\/?s={search_term_string}\"},\"query-input\":{\"@type\":\"PropertyValueSpecification\",\"valueRequired\":true,\"valueName\":\"search_term_string\"}}],\"inLanguage\":\"fr-FR\"},{\"@type\":[\"Person\",\"Organization\"],\"@id\":\"http:\\\/\\\/chrismassage.ch\\\/#\\\/schema\\\/person\\\/c02ee1a7c3f4876ad33eb11b401f6941\",\"name\":\"admin\",\"image\":{\"@type\":\"ImageObject\",\"inLanguage\":\"fr-FR\",\"@id\":\"http:\\\/\\\/chrismassage.ch\\\/wp-content\\\/uploads\\\/2019\\\/01\\\/48902290_278212269511277_7092823204384735232_n-1.jpg\",\"url\":\"http:\\\/\\\/chrismassage.ch\\\/wp-content\\\/uploads\\\/2019\\\/01\\\/48902290_278212269511277_7092823204384735232_n-1.jpg\",\"contentUrl\":\"http:\\\/\\\/chrismassage.ch\\\/wp-content\\\/uploads\\\/2019\\\/01\\\/48902290_278212269511277_7092823204384735232_n-1.jpg\",\"width\":781,\"height\":960,\"caption\":\"admin\"},\"logo\":{\"@id\":\"http:\\\/\\\/chrismassage.ch\\\/wp-content\\\/uploads\\\/2019\\\/01\\\/48902290_278212269511277_7092823204384735232_n-1.jpg\"}}]}<\/script>\n<!-- \/ Yoast SEO plugin. -->","yoast_head_json":{"title":"Coach de sant\u00e9 et bien-\u00eatre - Chris Massage","robots":{"index":"index","follow":"follow","max-snippet":"max-snippet:-1","max-image-preview":"max-image-preview:large","max-video-preview":"max-video-preview:-1"},"canonical":"https:\/\/chrismassage.ch\/index.php\/coach-de-sante-et-bien-etre\/","og_locale":"fr_FR","og_type":"article","og_title":"Coach de sant\u00e9 et bien-\u00eatre - Chris Massage","og_description":"Je vous proposes des s\u00e9ances de Coaching bien-\u00eatre pour vous aider \u00e0 vous sentir mieux dans votre corps. Au-del\u00e0 du bien-\u00eatre mental, je peux aussi vous conseiller en mati\u00e8re de nutrition, afin que vous puissiez avoir une alimentation vari\u00e9e. Qu\u2019est-ce que le Coaching bien-\u00eatre ? \u00c0 ne pas confondre avec de la psychologie ou de &hellip; Lire la suite","og_url":"https:\/\/chrismassage.ch\/index.php\/coach-de-sante-et-bien-etre\/","og_site_name":"Chris Massage","article_modified_time":"2024-04-02T17:25:19+00:00","twitter_card":"summary_large_image","twitter_misc":{"Dur\u00e9e de lecture estim\u00e9e":"2 minutes"},"schema":{"@context":"https:\/\/schema.org","@graph":[{"@type":"WebPage","@id":"https:\/\/chrismassage.ch\/index.php\/coach-de-sante-et-bien-etre\/","url":"https:\/\/chrismassage.ch\/index.php\/coach-de-sante-et-bien-etre\/","name":"Coach de sant\u00e9 et bien-\u00eatre - Chris Massage","isPartOf":{"@id":"http:\/\/chrismassage.ch\/#website"},"datePublished":"2023-12-08T10:34:27+00:00","dateModified":"2024-04-02T17:25:19+00:00","breadcrumb":{"@id":"https:\/\/chrismassage.ch\/index.php\/coach-de-sante-et-bien-etre\/#breadcrumb"},"inLanguage":"fr-FR","potentialAction":[{"@type":"ReadAction","target":["https:\/\/chrismassage.ch\/index.php\/coach-de-sante-et-bien-etre\/"]}]},{"@type":"BreadcrumbList","@id":"https:\/\/chrismassage.ch\/index.php\/coach-de-sante-et-bien-etre\/#breadcrumb","itemListElement":[{"@type":"ListItem","position":1,"name":"Home","item":"http:\/\/chrismassage.ch\/"},{"@type":"ListItem","position":2,"name":"Coach de sant\u00e9 et bien-\u00eatre"}]},{"@type":"WebSite","@id":"http:\/\/chrismassage.ch\/#website","url":"http:\/\/chrismassage.ch\/","name":"Chris Massage","description":"Il est temps de prendre soin de vous","publisher":{"@id":"http:\/\/chrismassage.ch\/#\/schema\/person\/c02ee1a7c3f4876ad33eb11b401f6941"},"potentialAction":[{"@type":"SearchAction","target":{"@type":"EntryPoint","urlTemplate":"http:\/\/chrismassage.ch\/?s={search_term_string}"},"query-input":{"@type":"PropertyValueSpecification","valueRequired":true,"valueName":"search_term_string"}}],"inLanguage":"fr-FR"},{"@type":["Person","Organization"],"@id":"http:\/\/chrismassage.ch\/#\/schema\/person\/c02ee1a7c3f4876ad33eb11b401f6941","name":"admin","image":{"@type":"ImageObject","inLanguage":"fr-FR","@id":"http:\/\/chrismassage.ch\/wp-content\/uploads\/2019\/01\/48902290_278212269511277_7092823204384735232_n-1.jpg","url":"http:\/\/chrismassage.ch\/wp-content\/uploads\/2019\/01\/48902290_278212269511277_7092823204384735232_n-1.jpg","contentUrl":"http:\/\/chrismassage.ch\/wp-content\/uploads\/2019\/01\/48902290_278212269511277_7092823204384735232_n-1.jpg","width":781,"height":960,"caption":"admin"},"logo":{"@id":"http:\/\/chrismassage.ch\/wp-content\/uploads\/2019\/01\/48902290_278212269511277_7092823204384735232_n-1.jpg"}}]}},"_links":{"self":[{"href":"https:\/\/chrismassage.ch\/index.php\/wp-json\/wp\/v2\/pages\/658","targetHints":{"allow":["GET"]}}],"collection":[{"href":"https:\/\/chrismassage.ch\/index.php\/wp-json\/wp\/v2\/pages"}],"about":[{"href":"https:\/\/chrismassage.ch\/index.php\/wp-json\/wp\/v2\/types\/page"}],"author":[{"embeddable":true,"href":"https:\/\/chrismassage.ch\/index.php\/wp-json\/wp\/v2\/users\/1"}],"replies":[{"embeddable":true,"href":"https:\/\/chrismassage.ch\/index.php\/wp-json\/wp\/v2\/comments?post=658"}],"version-history":[{"count":9,"href":"https:\/\/chrismassage.ch\/index.php\/wp-json\/wp\/v2\/pages\/658\/revisions"}],"predecessor-version":[{"id":699,"href":"https:\/\/chrismassage.ch\/index.php\/wp-json\/wp\/v2\/pages\/658\/revisions\/699"}],"wp:attachment":[{"href":"https:\/\/chrismassage.ch\/index.php\/wp-json\/wp\/v2\/media?parent=658"}],"curies":[{"name":"wp","href":"https:\/\/api.w.org\/{rel}","templated":true}]}}