{"id":524,"date":"2022-04-24T15:32:05","date_gmt":"2022-04-24T15:32:05","guid":{"rendered":"http:\/\/chrismassage.ch\/?page_id=524"},"modified":"2024-04-02T16:52:12","modified_gmt":"2024-04-02T16:52:12","slug":"massage-balinais","status":"publish","type":"page","link":"https:\/\/chrismassage.ch\/index.php\/massage-balinais\/","title":{"rendered":"Massage Balinais"},"content":{"rendered":"\n<p><\/p>\n\n\n\n<p>Le massage balinais est une technique qui comprend des mouvements doux et relaxants ainsi que des stimulations plus vigoureuses des points de pression.<\/p>\n\n\n\n<p>Le\u00a0massage balinais\u00a0a des vertus th\u00e9rapeutiques. Il revitalise le corps, d\u00e9tend les muscles, \u00e9vacue les douleurs lombaires et favorise la circulation sanguine. Il agit \u00e9galement sur le syst\u00e8me digestif. C\u2019est un massage complet, \u00e0 la fois doux et tonique, relaxant et \u00e9nerg\u00e9tique. Il permet non seulement de g\u00e9rer utilement son stress, mais \u00e9galement de p\u00e9n\u00e9trer son \u00eatre profond par le travail m\u00e9ditatif sur les chakras (carrefour d\u2019\u00e9nergie). <br>Massage du visage liftant et doux massage du cuir chevelu.<\/p>\n\n\n<div class=\"wp-block-image is-style-rounded\">\n<figure class=\"aligncenter size-full is-resized\"><img loading=\"lazy\" decoding=\"async\" width=\"800\" height=\"533\" src=\"http:\/\/chrismassage.ch\/wp-content\/uploads\/2022\/04\/canstockphoto16645271.jpg\" alt=\"\" class=\"wp-image-525\" style=\"width:216px;height:143px\" srcset=\"https:\/\/chrismassage.ch\/wp-content\/uploads\/2022\/04\/canstockphoto16645271.jpg 800w, https:\/\/chrismassage.ch\/wp-content\/uploads\/2022\/04\/canstockphoto16645271-300x200.jpg 300w, https:\/\/chrismassage.ch\/wp-content\/uploads\/2022\/04\/canstockphoto16645271-768x512.jpg 768w, https:\/\/chrismassage.ch\/wp-content\/uploads\/2022\/04\/canstockphoto16645271-750x500.jpg 750w\" sizes=\"auto, (max-width: 800px) 100vw, 800px\" \/><\/figure>\n<\/div>\n\n\n<p><strong>Bienfaits et avantages :<\/strong><\/p>\n\n\n\n<p>Le massage Balinais apporte ainsi une parfaite harmonie entre le corps et l&rsquo;esprit. <br>Il revitalise le corps, d\u00e9tend les muscles, \u00e9vacue les douleurs lombaires et favorise la circulation sanguine.<br>Il agit \u00e9galement sur le syst\u00e8me digestif et le syst\u00e8me hormonal<\/p>\n\n\n\n<p>1h &#8211; 85 frs<\/p>\n","protected":false},"excerpt":{"rendered":"<p>Le massage balinais est une technique qui comprend des mouvements doux et relaxants ainsi que des stimulations plus vigoureuses des points de pression. Le\u00a0massage balinais\u00a0a des vertus th\u00e9rapeutiques. Il revitalise le corps, d\u00e9tend les muscles, \u00e9vacue les douleurs lombaires et favorise la circulation sanguine. Il agit \u00e9galement sur le syst\u00e8me digestif. C\u2019est un massage complet, &hellip; <\/p>\n<p><a class=\"more-link btn\" href=\"https:\/\/chrismassage.ch\/index.php\/massage-balinais\/\">Lire la suite<\/a><\/p>\n","protected":false},"author":1,"featured_media":0,"parent":0,"menu_order":0,"comment_status":"closed","ping_status":"closed","template":"","meta":{"footnotes":""},"class_list":["post-524","page","type-page","status-publish","hentry","nodate","item-wrap"],"yoast_head":"<!-- This site is optimized with the Yoast SEO plugin v27.4 - https:\/\/yoast.com\/product\/yoast-seo-wordpress\/ -->\n<title>Massage Balinais - Chris Massage<\/title>\n<meta name=\"robots\" content=\"index, follow, max-snippet:-1, max-image-preview:large, max-video-preview:-1\" \/>\n<link rel=\"canonical\" href=\"https:\/\/chrismassage.ch\/index.php\/massage-balinais\/\" \/>\n<meta property=\"og:locale\" content=\"fr_FR\" \/>\n<meta property=\"og:type\" content=\"article\" \/>\n<meta property=\"og:title\" content=\"Massage Balinais - Chris Massage\" \/>\n<meta property=\"og:description\" content=\"Le massage balinais est une technique qui comprend des mouvements doux et relaxants ainsi que des stimulations plus vigoureuses des points de pression. Le\u00a0massage balinais\u00a0a des vertus th\u00e9rapeutiques. Il revitalise le corps, d\u00e9tend les muscles, \u00e9vacue les douleurs lombaires et favorise la circulation sanguine. Il agit \u00e9galement sur le syst\u00e8me digestif. C\u2019est un massage complet, &hellip; Lire la suite\" \/>\n<meta property=\"og:url\" content=\"https:\/\/chrismassage.ch\/index.php\/massage-balinais\/\" \/>\n<meta property=\"og:site_name\" content=\"Chris Massage\" \/>\n<meta property=\"article:modified_time\" content=\"2024-04-02T16:52:12+00:00\" \/>\n<meta property=\"og:image\" content=\"http:\/\/chrismassage.ch\/wp-content\/uploads\/2022\/04\/canstockphoto16645271.jpg\" \/>\n<meta name=\"twitter:card\" content=\"summary_large_image\" \/>\n<meta name=\"twitter:label1\" content=\"Dur\u00e9e de lecture estim\u00e9e\" \/>\n\t<meta name=\"twitter:data1\" content=\"1 minute\" \/>\n<script type=\"application\/ld+json\" class=\"yoast-schema-graph\">{\"@context\":\"https:\\\/\\\/schema.org\",\"@graph\":[{\"@type\":\"WebPage\",\"@id\":\"https:\\\/\\\/chrismassage.ch\\\/index.php\\\/massage-balinais\\\/\",\"url\":\"https:\\\/\\\/chrismassage.ch\\\/index.php\\\/massage-balinais\\\/\",\"name\":\"Massage Balinais - Chris Massage\",\"isPartOf\":{\"@id\":\"https:\\\/\\\/chrismassage.ch\\\/#website\"},\"primaryImageOfPage\":{\"@id\":\"https:\\\/\\\/chrismassage.ch\\\/index.php\\\/massage-balinais\\\/#primaryimage\"},\"image\":{\"@id\":\"https:\\\/\\\/chrismassage.ch\\\/index.php\\\/massage-balinais\\\/#primaryimage\"},\"thumbnailUrl\":\"http:\\\/\\\/chrismassage.ch\\\/wp-content\\\/uploads\\\/2022\\\/04\\\/canstockphoto16645271.jpg\",\"datePublished\":\"2022-04-24T15:32:05+00:00\",\"dateModified\":\"2024-04-02T16:52:12+00:00\",\"breadcrumb\":{\"@id\":\"https:\\\/\\\/chrismassage.ch\\\/index.php\\\/massage-balinais\\\/#breadcrumb\"},\"inLanguage\":\"fr-FR\",\"potentialAction\":[{\"@type\":\"ReadAction\",\"target\":[\"https:\\\/\\\/chrismassage.ch\\\/index.php\\\/massage-balinais\\\/\"]}]},{\"@type\":\"ImageObject\",\"inLanguage\":\"fr-FR\",\"@id\":\"https:\\\/\\\/chrismassage.ch\\\/index.php\\\/massage-balinais\\\/#primaryimage\",\"url\":\"https:\\\/\\\/chrismassage.ch\\\/wp-content\\\/uploads\\\/2022\\\/04\\\/canstockphoto16645271.jpg\",\"contentUrl\":\"https:\\\/\\\/chrismassage.ch\\\/wp-content\\\/uploads\\\/2022\\\/04\\\/canstockphoto16645271.jpg\",\"width\":800,\"height\":533},{\"@type\":\"BreadcrumbList\",\"@id\":\"https:\\\/\\\/chrismassage.ch\\\/index.php\\\/massage-balinais\\\/#breadcrumb\",\"itemListElement\":[{\"@type\":\"ListItem\",\"position\":1,\"name\":\"Home\",\"item\":\"https:\\\/\\\/chrismassage.ch\\\/\"},{\"@type\":\"ListItem\",\"position\":2,\"name\":\"Massage Balinais\"}]},{\"@type\":\"WebSite\",\"@id\":\"https:\\\/\\\/chrismassage.ch\\\/#website\",\"url\":\"https:\\\/\\\/chrismassage.ch\\\/\",\"name\":\"Chris Massage\",\"description\":\"Il est temps de prendre soin de vous\",\"publisher\":{\"@id\":\"https:\\\/\\\/chrismassage.ch\\\/#\\\/schema\\\/person\\\/c02ee1a7c3f4876ad33eb11b401f6941\"},\"potentialAction\":[{\"@type\":\"SearchAction\",\"target\":{\"@type\":\"EntryPoint\",\"urlTemplate\":\"https:\\\/\\\/chrismassage.ch\\\/?s={search_term_string}\"},\"query-input\":{\"@type\":\"PropertyValueSpecification\",\"valueRequired\":true,\"valueName\":\"search_term_string\"}}],\"inLanguage\":\"fr-FR\"},{\"@type\":[\"Person\",\"Organization\"],\"@id\":\"https:\\\/\\\/chrismassage.ch\\\/#\\\/schema\\\/person\\\/c02ee1a7c3f4876ad33eb11b401f6941\",\"name\":\"admin\",\"image\":{\"@type\":\"ImageObject\",\"inLanguage\":\"fr-FR\",\"@id\":\"http:\\\/\\\/chrismassage.ch\\\/wp-content\\\/uploads\\\/2019\\\/01\\\/48902290_278212269511277_7092823204384735232_n-1.jpg\",\"url\":\"http:\\\/\\\/chrismassage.ch\\\/wp-content\\\/uploads\\\/2019\\\/01\\\/48902290_278212269511277_7092823204384735232_n-1.jpg\",\"contentUrl\":\"http:\\\/\\\/chrismassage.ch\\\/wp-content\\\/uploads\\\/2019\\\/01\\\/48902290_278212269511277_7092823204384735232_n-1.jpg\",\"width\":781,\"height\":960,\"caption\":\"admin\"},\"logo\":{\"@id\":\"http:\\\/\\\/chrismassage.ch\\\/wp-content\\\/uploads\\\/2019\\\/01\\\/48902290_278212269511277_7092823204384735232_n-1.jpg\"}}]}<\/script>\n<!-- \/ Yoast SEO plugin. -->","yoast_head_json":{"title":"Massage Balinais - Chris Massage","robots":{"index":"index","follow":"follow","max-snippet":"max-snippet:-1","max-image-preview":"max-image-preview:large","max-video-preview":"max-video-preview:-1"},"canonical":"https:\/\/chrismassage.ch\/index.php\/massage-balinais\/","og_locale":"fr_FR","og_type":"article","og_title":"Massage Balinais - Chris Massage","og_description":"Le massage balinais est une technique qui comprend des mouvements doux et relaxants ainsi que des stimulations plus vigoureuses des points de pression. Le\u00a0massage balinais\u00a0a des vertus th\u00e9rapeutiques. Il revitalise le corps, d\u00e9tend les muscles, \u00e9vacue les douleurs lombaires et favorise la circulation sanguine. Il agit \u00e9galement sur le syst\u00e8me digestif. C\u2019est un massage complet, &hellip; Lire la suite","og_url":"https:\/\/chrismassage.ch\/index.php\/massage-balinais\/","og_site_name":"Chris Massage","article_modified_time":"2024-04-02T16:52:12+00:00","og_image":[{"url":"http:\/\/chrismassage.ch\/wp-content\/uploads\/2022\/04\/canstockphoto16645271.jpg","type":"","width":"","height":""}],"twitter_card":"summary_large_image","twitter_misc":{"Dur\u00e9e de lecture estim\u00e9e":"1 minute"},"schema":{"@context":"https:\/\/schema.org","@graph":[{"@type":"WebPage","@id":"https:\/\/chrismassage.ch\/index.php\/massage-balinais\/","url":"https:\/\/chrismassage.ch\/index.php\/massage-balinais\/","name":"Massage Balinais - Chris Massage","isPartOf":{"@id":"https:\/\/chrismassage.ch\/#website"},"primaryImageOfPage":{"@id":"https:\/\/chrismassage.ch\/index.php\/massage-balinais\/#primaryimage"},"image":{"@id":"https:\/\/chrismassage.ch\/index.php\/massage-balinais\/#primaryimage"},"thumbnailUrl":"http:\/\/chrismassage.ch\/wp-content\/uploads\/2022\/04\/canstockphoto16645271.jpg","datePublished":"2022-04-24T15:32:05+00:00","dateModified":"2024-04-02T16:52:12+00:00","breadcrumb":{"@id":"https:\/\/chrismassage.ch\/index.php\/massage-balinais\/#breadcrumb"},"inLanguage":"fr-FR","potentialAction":[{"@type":"ReadAction","target":["https:\/\/chrismassage.ch\/index.php\/massage-balinais\/"]}]},{"@type":"ImageObject","inLanguage":"fr-FR","@id":"https:\/\/chrismassage.ch\/index.php\/massage-balinais\/#primaryimage","url":"https:\/\/chrismassage.ch\/wp-content\/uploads\/2022\/04\/canstockphoto16645271.jpg","contentUrl":"https:\/\/chrismassage.ch\/wp-content\/uploads\/2022\/04\/canstockphoto16645271.jpg","width":800,"height":533},{"@type":"BreadcrumbList","@id":"https:\/\/chrismassage.ch\/index.php\/massage-balinais\/#breadcrumb","itemListElement":[{"@type":"ListItem","position":1,"name":"Home","item":"https:\/\/chrismassage.ch\/"},{"@type":"ListItem","position":2,"name":"Massage Balinais"}]},{"@type":"WebSite","@id":"https:\/\/chrismassage.ch\/#website","url":"https:\/\/chrismassage.ch\/","name":"Chris Massage","description":"Il est temps de prendre soin de vous","publisher":{"@id":"https:\/\/chrismassage.ch\/#\/schema\/person\/c02ee1a7c3f4876ad33eb11b401f6941"},"potentialAction":[{"@type":"SearchAction","target":{"@type":"EntryPoint","urlTemplate":"https:\/\/chrismassage.ch\/?s={search_term_string}"},"query-input":{"@type":"PropertyValueSpecification","valueRequired":true,"valueName":"search_term_string"}}],"inLanguage":"fr-FR"},{"@type":["Person","Organization"],"@id":"https:\/\/chrismassage.ch\/#\/schema\/person\/c02ee1a7c3f4876ad33eb11b401f6941","name":"admin","image":{"@type":"ImageObject","inLanguage":"fr-FR","@id":"http:\/\/chrismassage.ch\/wp-content\/uploads\/2019\/01\/48902290_278212269511277_7092823204384735232_n-1.jpg","url":"http:\/\/chrismassage.ch\/wp-content\/uploads\/2019\/01\/48902290_278212269511277_7092823204384735232_n-1.jpg","contentUrl":"http:\/\/chrismassage.ch\/wp-content\/uploads\/2019\/01\/48902290_278212269511277_7092823204384735232_n-1.jpg","width":781,"height":960,"caption":"admin"},"logo":{"@id":"http:\/\/chrismassage.ch\/wp-content\/uploads\/2019\/01\/48902290_278212269511277_7092823204384735232_n-1.jpg"}}]}},"_links":{"self":[{"href":"https:\/\/chrismassage.ch\/index.php\/wp-json\/wp\/v2\/pages\/524","targetHints":{"allow":["GET"]}}],"collection":[{"href":"https:\/\/chrismassage.ch\/index.php\/wp-json\/wp\/v2\/pages"}],"about":[{"href":"https:\/\/chrismassage.ch\/index.php\/wp-json\/wp\/v2\/types\/page"}],"author":[{"embeddable":true,"href":"https:\/\/chrismassage.ch\/index.php\/wp-json\/wp\/v2\/users\/1"}],"replies":[{"embeddable":true,"href":"https:\/\/chrismassage.ch\/index.php\/wp-json\/wp\/v2\/comments?post=524"}],"version-history":[{"count":6,"href":"https:\/\/chrismassage.ch\/index.php\/wp-json\/wp\/v2\/pages\/524\/revisions"}],"predecessor-version":[{"id":680,"href":"https:\/\/chrismassage.ch\/index.php\/wp-json\/wp\/v2\/pages\/524\/revisions\/680"}],"wp:attachment":[{"href":"https:\/\/chrismassage.ch\/index.php\/wp-json\/wp\/v2\/media?parent=524"}],"curies":[{"name":"wp","href":"https:\/\/api.w.org\/{rel}","templated":true}]}}