{"id":120,"date":"2019-01-22T10:54:46","date_gmt":"2019-01-22T10:54:46","guid":{"rendered":"http:\/\/chrismassage.ch\/?page_id=120"},"modified":"2022-12-05T10:32:24","modified_gmt":"2022-12-05T10:32:24","slug":"massage-du-dos","status":"publish","type":"page","link":"https:\/\/chrismassage.ch\/index.php\/massage-du-dos\/","title":{"rendered":"Massage du dos"},"content":{"rendered":"\n<p>Qui ne s&rsquo;est jamais plaint de mal de dos ?<\/p>\n\n\n\n<p>Le dos est une des zones du corps les plus sujettes aux tensions.<\/p>\n\n\n\n<p>On peut dire que le mal de dos et le mal du si\u00e8cle<\/p>\n\n\n\n<p>Le dos est souvent contract\u00e9 et sollicit\u00e9 par notre rythme de vie, nos\nmauvaises postures, la fatigue et le stress.<\/p>\n\n\n\n<p>Les nombreux muscles qui soutiennent le dos sont\nfr\u00e9quemment soumis \u00e0&nbsp;des contractures&nbsp;lors de port de charges\nimportantes ou&nbsp;lors de&nbsp;fatigue physique &amp; psychologique.<\/p>\n\n\n\n<p>La posture debout ou assise que l&rsquo;on est parfois\noblig\u00e9 d&rsquo;observer pendant un certain temps prolong\u00e9 est \u00e9galement un des facteurs\nresponsables des douleurs dorsales.<\/p>\n\n\n\n<p><strong>Les atouts du massage du dos<\/strong><\/p>\n\n\n\n<p>Le massage du dos apporte d\u00e9tente et relaxation, et permet de soulager les\ndouleurs musculaires.<\/p>\n\n\n\n<p>Le massage du dos va permettre de d\u00e9nouer les\ntensions, de d\u00e9tendre les muscles dorsaux et de soulager les douleurs.<\/p>\n\n\n\n<p>Il favorise l&rsquo;oxyg\u00e9nation du corps en stimulant la\ncirculation sanguine et apportera un sentiment de d\u00e9tente.<\/p>\n\n\n\n<p>Il favorise l&rsquo;oxyg\u00e9nation du corps en stimulant la circulation sanguine et apportera un sentiment de d\u00e9tente.<\/p>\n\n\n\n<p>Massage du dos aux huiles essentiels<br>20 minutes &#8211; 25 frs<br>30 minutes &#8211; 35 frs<br>40 minutes &#8211; 45 frs <\/p>\n\n\n\n<figure class=\"wp-block-image size-large is-resized\"><img loading=\"lazy\" decoding=\"async\" src=\"http:\/\/chrismassage.ch\/wp-content\/uploads\/2020\/12\/canstockphoto45143227.jpg\" alt=\"\" class=\"wp-image-418\" width=\"696\" height=\"463\" srcset=\"https:\/\/chrismassage.ch\/wp-content\/uploads\/2020\/12\/canstockphoto45143227.jpg 800w, https:\/\/chrismassage.ch\/wp-content\/uploads\/2020\/12\/canstockphoto45143227-300x200.jpg 300w, https:\/\/chrismassage.ch\/wp-content\/uploads\/2020\/12\/canstockphoto45143227-768x512.jpg 768w, https:\/\/chrismassage.ch\/wp-content\/uploads\/2020\/12\/canstockphoto45143227-750x500.jpg 750w\" sizes=\"auto, (max-width: 696px) 100vw, 696px\" \/><\/figure>\n","protected":false},"excerpt":{"rendered":"<p>Qui ne s&rsquo;est jamais plaint de mal de dos ? Le dos est une des zones du corps les plus sujettes aux tensions. On peut dire que le mal de dos et le mal du si\u00e8cle Le dos est souvent contract\u00e9 et sollicit\u00e9 par notre rythme de vie, nos mauvaises postures, la fatigue et le &hellip; <\/p>\n<p><a class=\"more-link btn\" href=\"https:\/\/chrismassage.ch\/index.php\/massage-du-dos\/\">Lire la suite<\/a><\/p>\n","protected":false},"author":1,"featured_media":0,"parent":0,"menu_order":0,"comment_status":"closed","ping_status":"closed","template":"","meta":{"footnotes":""},"class_list":["post-120","page","type-page","status-publish","hentry","nodate","item-wrap"],"yoast_head":"<!-- This site is optimized with the Yoast SEO plugin v27.4 - https:\/\/yoast.com\/product\/yoast-seo-wordpress\/ -->\n<title>Massage du dos - Chris Massage<\/title>\n<meta name=\"robots\" content=\"index, follow, max-snippet:-1, max-image-preview:large, max-video-preview:-1\" \/>\n<link rel=\"canonical\" href=\"https:\/\/chrismassage.ch\/index.php\/massage-du-dos\/\" \/>\n<meta property=\"og:locale\" content=\"fr_FR\" \/>\n<meta property=\"og:type\" content=\"article\" \/>\n<meta property=\"og:title\" content=\"Massage du dos - Chris Massage\" \/>\n<meta property=\"og:description\" content=\"Qui ne s&rsquo;est jamais plaint de mal de dos ? Le dos est une des zones du corps les plus sujettes aux tensions. On peut dire que le mal de dos et le mal du si\u00e8cle Le dos est souvent contract\u00e9 et sollicit\u00e9 par notre rythme de vie, nos mauvaises postures, la fatigue et le &hellip; Lire la suite\" \/>\n<meta property=\"og:url\" content=\"https:\/\/chrismassage.ch\/index.php\/massage-du-dos\/\" \/>\n<meta property=\"og:site_name\" content=\"Chris Massage\" \/>\n<meta property=\"article:modified_time\" content=\"2022-12-05T10:32:24+00:00\" \/>\n<meta property=\"og:image\" content=\"http:\/\/chrismassage.ch\/wp-content\/uploads\/2020\/12\/canstockphoto45143227.jpg\" \/>\n<meta name=\"twitter:card\" content=\"summary_large_image\" \/>\n<meta name=\"twitter:label1\" content=\"Dur\u00e9e de lecture estim\u00e9e\" \/>\n\t<meta name=\"twitter:data1\" content=\"2 minutes\" \/>\n<script type=\"application\/ld+json\" class=\"yoast-schema-graph\">{\"@context\":\"https:\\\/\\\/schema.org\",\"@graph\":[{\"@type\":\"WebPage\",\"@id\":\"https:\\\/\\\/chrismassage.ch\\\/index.php\\\/massage-du-dos\\\/\",\"url\":\"https:\\\/\\\/chrismassage.ch\\\/index.php\\\/massage-du-dos\\\/\",\"name\":\"Massage du dos - Chris Massage\",\"isPartOf\":{\"@id\":\"https:\\\/\\\/chrismassage.ch\\\/#website\"},\"primaryImageOfPage\":{\"@id\":\"https:\\\/\\\/chrismassage.ch\\\/index.php\\\/massage-du-dos\\\/#primaryimage\"},\"image\":{\"@id\":\"https:\\\/\\\/chrismassage.ch\\\/index.php\\\/massage-du-dos\\\/#primaryimage\"},\"thumbnailUrl\":\"http:\\\/\\\/chrismassage.ch\\\/wp-content\\\/uploads\\\/2020\\\/12\\\/canstockphoto45143227.jpg\",\"datePublished\":\"2019-01-22T10:54:46+00:00\",\"dateModified\":\"2022-12-05T10:32:24+00:00\",\"breadcrumb\":{\"@id\":\"https:\\\/\\\/chrismassage.ch\\\/index.php\\\/massage-du-dos\\\/#breadcrumb\"},\"inLanguage\":\"fr-FR\",\"potentialAction\":[{\"@type\":\"ReadAction\",\"target\":[\"https:\\\/\\\/chrismassage.ch\\\/index.php\\\/massage-du-dos\\\/\"]}]},{\"@type\":\"ImageObject\",\"inLanguage\":\"fr-FR\",\"@id\":\"https:\\\/\\\/chrismassage.ch\\\/index.php\\\/massage-du-dos\\\/#primaryimage\",\"url\":\"https:\\\/\\\/chrismassage.ch\\\/wp-content\\\/uploads\\\/2020\\\/12\\\/canstockphoto45143227.jpg\",\"contentUrl\":\"https:\\\/\\\/chrismassage.ch\\\/wp-content\\\/uploads\\\/2020\\\/12\\\/canstockphoto45143227.jpg\",\"width\":800,\"height\":533},{\"@type\":\"BreadcrumbList\",\"@id\":\"https:\\\/\\\/chrismassage.ch\\\/index.php\\\/massage-du-dos\\\/#breadcrumb\",\"itemListElement\":[{\"@type\":\"ListItem\",\"position\":1,\"name\":\"Home\",\"item\":\"https:\\\/\\\/chrismassage.ch\\\/\"},{\"@type\":\"ListItem\",\"position\":2,\"name\":\"Massage du dos\"}]},{\"@type\":\"WebSite\",\"@id\":\"https:\\\/\\\/chrismassage.ch\\\/#website\",\"url\":\"https:\\\/\\\/chrismassage.ch\\\/\",\"name\":\"Chris Massage\",\"description\":\"Il est temps de prendre soin de vous\",\"publisher\":{\"@id\":\"https:\\\/\\\/chrismassage.ch\\\/#\\\/schema\\\/person\\\/c02ee1a7c3f4876ad33eb11b401f6941\"},\"potentialAction\":[{\"@type\":\"SearchAction\",\"target\":{\"@type\":\"EntryPoint\",\"urlTemplate\":\"https:\\\/\\\/chrismassage.ch\\\/?s={search_term_string}\"},\"query-input\":{\"@type\":\"PropertyValueSpecification\",\"valueRequired\":true,\"valueName\":\"search_term_string\"}}],\"inLanguage\":\"fr-FR\"},{\"@type\":[\"Person\",\"Organization\"],\"@id\":\"https:\\\/\\\/chrismassage.ch\\\/#\\\/schema\\\/person\\\/c02ee1a7c3f4876ad33eb11b401f6941\",\"name\":\"admin\",\"image\":{\"@type\":\"ImageObject\",\"inLanguage\":\"fr-FR\",\"@id\":\"http:\\\/\\\/chrismassage.ch\\\/wp-content\\\/uploads\\\/2019\\\/01\\\/48902290_278212269511277_7092823204384735232_n-1.jpg\",\"url\":\"http:\\\/\\\/chrismassage.ch\\\/wp-content\\\/uploads\\\/2019\\\/01\\\/48902290_278212269511277_7092823204384735232_n-1.jpg\",\"contentUrl\":\"http:\\\/\\\/chrismassage.ch\\\/wp-content\\\/uploads\\\/2019\\\/01\\\/48902290_278212269511277_7092823204384735232_n-1.jpg\",\"width\":781,\"height\":960,\"caption\":\"admin\"},\"logo\":{\"@id\":\"http:\\\/\\\/chrismassage.ch\\\/wp-content\\\/uploads\\\/2019\\\/01\\\/48902290_278212269511277_7092823204384735232_n-1.jpg\"}}]}<\/script>\n<!-- \/ Yoast SEO plugin. -->","yoast_head_json":{"title":"Massage du dos - Chris Massage","robots":{"index":"index","follow":"follow","max-snippet":"max-snippet:-1","max-image-preview":"max-image-preview:large","max-video-preview":"max-video-preview:-1"},"canonical":"https:\/\/chrismassage.ch\/index.php\/massage-du-dos\/","og_locale":"fr_FR","og_type":"article","og_title":"Massage du dos - Chris Massage","og_description":"Qui ne s&rsquo;est jamais plaint de mal de dos ? Le dos est une des zones du corps les plus sujettes aux tensions. On peut dire que le mal de dos et le mal du si\u00e8cle Le dos est souvent contract\u00e9 et sollicit\u00e9 par notre rythme de vie, nos mauvaises postures, la fatigue et le &hellip; Lire la suite","og_url":"https:\/\/chrismassage.ch\/index.php\/massage-du-dos\/","og_site_name":"Chris Massage","article_modified_time":"2022-12-05T10:32:24+00:00","og_image":[{"url":"http:\/\/chrismassage.ch\/wp-content\/uploads\/2020\/12\/canstockphoto45143227.jpg","type":"","width":"","height":""}],"twitter_card":"summary_large_image","twitter_misc":{"Dur\u00e9e de lecture estim\u00e9e":"2 minutes"},"schema":{"@context":"https:\/\/schema.org","@graph":[{"@type":"WebPage","@id":"https:\/\/chrismassage.ch\/index.php\/massage-du-dos\/","url":"https:\/\/chrismassage.ch\/index.php\/massage-du-dos\/","name":"Massage du dos - Chris Massage","isPartOf":{"@id":"https:\/\/chrismassage.ch\/#website"},"primaryImageOfPage":{"@id":"https:\/\/chrismassage.ch\/index.php\/massage-du-dos\/#primaryimage"},"image":{"@id":"https:\/\/chrismassage.ch\/index.php\/massage-du-dos\/#primaryimage"},"thumbnailUrl":"http:\/\/chrismassage.ch\/wp-content\/uploads\/2020\/12\/canstockphoto45143227.jpg","datePublished":"2019-01-22T10:54:46+00:00","dateModified":"2022-12-05T10:32:24+00:00","breadcrumb":{"@id":"https:\/\/chrismassage.ch\/index.php\/massage-du-dos\/#breadcrumb"},"inLanguage":"fr-FR","potentialAction":[{"@type":"ReadAction","target":["https:\/\/chrismassage.ch\/index.php\/massage-du-dos\/"]}]},{"@type":"ImageObject","inLanguage":"fr-FR","@id":"https:\/\/chrismassage.ch\/index.php\/massage-du-dos\/#primaryimage","url":"https:\/\/chrismassage.ch\/wp-content\/uploads\/2020\/12\/canstockphoto45143227.jpg","contentUrl":"https:\/\/chrismassage.ch\/wp-content\/uploads\/2020\/12\/canstockphoto45143227.jpg","width":800,"height":533},{"@type":"BreadcrumbList","@id":"https:\/\/chrismassage.ch\/index.php\/massage-du-dos\/#breadcrumb","itemListElement":[{"@type":"ListItem","position":1,"name":"Home","item":"https:\/\/chrismassage.ch\/"},{"@type":"ListItem","position":2,"name":"Massage du dos"}]},{"@type":"WebSite","@id":"https:\/\/chrismassage.ch\/#website","url":"https:\/\/chrismassage.ch\/","name":"Chris Massage","description":"Il est temps de prendre soin de vous","publisher":{"@id":"https:\/\/chrismassage.ch\/#\/schema\/person\/c02ee1a7c3f4876ad33eb11b401f6941"},"potentialAction":[{"@type":"SearchAction","target":{"@type":"EntryPoint","urlTemplate":"https:\/\/chrismassage.ch\/?s={search_term_string}"},"query-input":{"@type":"PropertyValueSpecification","valueRequired":true,"valueName":"search_term_string"}}],"inLanguage":"fr-FR"},{"@type":["Person","Organization"],"@id":"https:\/\/chrismassage.ch\/#\/schema\/person\/c02ee1a7c3f4876ad33eb11b401f6941","name":"admin","image":{"@type":"ImageObject","inLanguage":"fr-FR","@id":"http:\/\/chrismassage.ch\/wp-content\/uploads\/2019\/01\/48902290_278212269511277_7092823204384735232_n-1.jpg","url":"http:\/\/chrismassage.ch\/wp-content\/uploads\/2019\/01\/48902290_278212269511277_7092823204384735232_n-1.jpg","contentUrl":"http:\/\/chrismassage.ch\/wp-content\/uploads\/2019\/01\/48902290_278212269511277_7092823204384735232_n-1.jpg","width":781,"height":960,"caption":"admin"},"logo":{"@id":"http:\/\/chrismassage.ch\/wp-content\/uploads\/2019\/01\/48902290_278212269511277_7092823204384735232_n-1.jpg"}}]}},"_links":{"self":[{"href":"https:\/\/chrismassage.ch\/index.php\/wp-json\/wp\/v2\/pages\/120","targetHints":{"allow":["GET"]}}],"collection":[{"href":"https:\/\/chrismassage.ch\/index.php\/wp-json\/wp\/v2\/pages"}],"about":[{"href":"https:\/\/chrismassage.ch\/index.php\/wp-json\/wp\/v2\/types\/page"}],"author":[{"embeddable":true,"href":"https:\/\/chrismassage.ch\/index.php\/wp-json\/wp\/v2\/users\/1"}],"replies":[{"embeddable":true,"href":"https:\/\/chrismassage.ch\/index.php\/wp-json\/wp\/v2\/comments?post=120"}],"version-history":[{"count":9,"href":"https:\/\/chrismassage.ch\/index.php\/wp-json\/wp\/v2\/pages\/120\/revisions"}],"predecessor-version":[{"id":593,"href":"https:\/\/chrismassage.ch\/index.php\/wp-json\/wp\/v2\/pages\/120\/revisions\/593"}],"wp:attachment":[{"href":"https:\/\/chrismassage.ch\/index.php\/wp-json\/wp\/v2\/media?parent=120"}],"curies":[{"name":"wp","href":"https:\/\/api.w.org\/{rel}","templated":true}]}}